{"id":2,"date":"2020-01-12T03:48:21","date_gmt":"2020-01-12T03:48:21","guid":{"rendered":"http:\/\/kulturforum-sibbesse.de\/?page_id=2"},"modified":"2024-02-16T19:39:07","modified_gmt":"2024-02-16T18:39:07","slug":"sample-page","status":"publish","type":"page","link":"http:\/\/kulturforum-sibbesse.de\/?page_id=2","title":{"rendered":"\u00dcber uns"},"content":{"rendered":"\n<figure class=\"wp-block-image size-large\"><img loading=\"lazy\" decoding=\"async\" width=\"1024\" height=\"768\" src=\"http:\/\/kulturforum-sibbesse.de\/wp-content\/uploads\/2024\/02\/Der-neue-Vorstand-1-1024x768.jpg\" alt=\"\" class=\"wp-image-158\" srcset=\"http:\/\/kulturforum-sibbesse.de\/wp-content\/uploads\/2024\/02\/Der-neue-Vorstand-1-1024x768.jpg 1024w, http:\/\/kulturforum-sibbesse.de\/wp-content\/uploads\/2024\/02\/Der-neue-Vorstand-1-300x225.jpg 300w, http:\/\/kulturforum-sibbesse.de\/wp-content\/uploads\/2024\/02\/Der-neue-Vorstand-1-768x576.jpg 768w, http:\/\/kulturforum-sibbesse.de\/wp-content\/uploads\/2024\/02\/Der-neue-Vorstand-1-1536x1152.jpg 1536w, http:\/\/kulturforum-sibbesse.de\/wp-content\/uploads\/2024\/02\/Der-neue-Vorstand-1-2048x1536.jpg 2048w\" sizes=\"auto, (max-width: 767px) 89vw, (max-width: 1000px) 54vw, (max-width: 1071px) 543px, 580px\" \/><figcaption class=\"wp-element-caption\">Der Vorstand 2024: <br>Ulla Gehrke-Semmler, Suntje Sander-Struckmeier, Diana Naumann, Sabine Hartmann, Ole G\u00f6rgens<\/figcaption><\/figure>\n\n\n\n<p><\/p>\n\n\n<p>Das KulturForum Sibbesse e.V. wurde Ende 1999 mit dem Ziel gegr\u00fcndet, kulturelle Veranstaltungen direkt in allen Ortschaften der Samtgemeinde Sibbesse anzubieten. Die Eintragung ins Vereinsregister erfolgte im Februar 2000.<\/p>\n<p>Seither bietet das KulturForum regelm\u00e4\u00dfig Kleinkunstveranstaltungen an, Theaterabende, Lesungen, Konzerte, Comedy-Auftritte oder Themenabende wechseln sich dabei ab.<\/p>\n<p>Damit alle Menschen an diesen Kulturveranstaltungen<br>\nteilnehmen k\u00f6nnen, bieten wir sie grunds\u00e4tzlich kostenfrei an. \u00dcber Spenden freuen wir uns.<br>\nGern k\u00f6nnen Sie bei uns Mitglied werden &#8211; f\u00fcr nur 30 Euro im Jahr.<\/p>\n<p>Sabine Hartmann<\/p>","protected":false},"excerpt":{"rendered":"<p>Das KulturForum Sibbesse e.V. wurde Ende 1999 mit dem Ziel gegr\u00fcndet, kulturelle Veranstaltungen direkt in allen Ortschaften der Samtgemeinde Sibbesse anzubieten. Die Eintragung ins Vereinsregister erfolgte im Februar 2000. Seither bietet das KulturForum regelm\u00e4\u00dfig Kleinkunstveranstaltungen an, Theaterabende, Lesungen, Konzerte, Comedy-Auftritte oder Themenabende wechseln sich dabei ab. Damit alle Menschen an diesen Kulturveranstaltungen teilnehmen k\u00f6nnen, bieten &hellip; <\/p>\n<p class=\"link-more\"><a href=\"http:\/\/kulturforum-sibbesse.de\/?page_id=2\" class=\"more-link\"><span class=\"screen-reader-text\">\u201e\u00dcber uns\u201c <\/span>weiterlesen<\/a><\/p>\n","protected":false},"author":2,"featured_media":0,"parent":0,"menu_order":0,"comment_status":"closed","ping_status":"open","template":"","meta":{"footnotes":""},"class_list":["post-2","page","type-page","status-publish","hentry"],"_links":{"self":[{"href":"http:\/\/kulturforum-sibbesse.de\/index.php?rest_route=\/wp\/v2\/pages\/2","targetHints":{"allow":["GET"]}}],"collection":[{"href":"http:\/\/kulturforum-sibbesse.de\/index.php?rest_route=\/wp\/v2\/pages"}],"about":[{"href":"http:\/\/kulturforum-sibbesse.de\/index.php?rest_route=\/wp\/v2\/types\/page"}],"author":[{"embeddable":true,"href":"http:\/\/kulturforum-sibbesse.de\/index.php?rest_route=\/wp\/v2\/users\/2"}],"replies":[{"embeddable":true,"href":"http:\/\/kulturforum-sibbesse.de\/index.php?rest_route=%2Fwp%2Fv2%2Fcomments&post=2"}],"version-history":[{"count":7,"href":"http:\/\/kulturforum-sibbesse.de\/index.php?rest_route=\/wp\/v2\/pages\/2\/revisions"}],"predecessor-version":[{"id":160,"href":"http:\/\/kulturforum-sibbesse.de\/index.php?rest_route=\/wp\/v2\/pages\/2\/revisions\/160"}],"wp:attachment":[{"href":"http:\/\/kulturforum-sibbesse.de\/index.php?rest_route=%2Fwp%2Fv2%2Fmedia&parent=2"}],"curies":[{"name":"wp","href":"https:\/\/api.w.org\/{rel}","templated":true}]}}

Über uns

<figure class="wp-block-image size-large"><img loading="lazy" decoding="async" width="1024" height="768" src="http://kulturforum-sibbesse.de/wp-content/uploads/2024/02/Der-neue-Vorstand-1-1024x768.jpg" alt="" class="wp-image-158" srcset="http://kulturforum-sibbesse.de/wp-content/uploads/2024/02/Der-neue-Vorstand-1-1024x768.jpg 1024w, http://kulturforum-sibbesse.de/wp-content/uploads/2024/02/Der-neue-Vorstand-1-300x225.jpg 300w, http://kulturforum-sibbesse.de/wp-content/uploads/2024/02/Der-neue-Vorstand-1-768x576.jpg 768w, http://kulturforum-sibbesse.de/wp-content/uploads/2024/02/Der-neue-Vorstand-1-1536x1152.jpg 1536w, http://kulturforum-sibbesse.de/wp-content/uploads/2024/02/Der-neue-Vorstand-1-2048x1536.jpg 2048w" sizes="auto, (max-width: 767px) 89vw, (max-width: 1000px) 54vw, (max-width: 1071px) 543px, 580px" /><figcaption class="wp-element-caption">Der Vorstand 2024: <br>Ulla Gehrke-Semmler, Suntje Sander-Struckmeier, Diana Naumann, Sabine Hartmann, Ole Görgens</figcaption></figure>



<p></p>


<p>Das KulturForum Sibbesse e.V. wurde Ende 1999 mit dem Ziel gegründet, kulturelle Veranstaltungen direkt in allen Ortschaften der Samtgemeinde Sibbesse anzubieten. Die Eintragung ins Vereinsregister erfolgte im Februar 2000.</p>
<p>Seither bietet das KulturForum regelmäßig Kleinkunstveranstaltungen an, Theaterabende, Lesungen, Konzerte, Comedy-Auftritte oder Themenabende wechseln sich dabei ab.</p>
<p>Damit alle Menschen an diesen Kulturveranstaltungen<br>
teilnehmen können, bieten wir sie grundsätzlich kostenfrei an. Über Spenden freuen wir uns.<br>
Gern können Sie bei uns Mitglied werden &#8211; für nur 30 Euro im Jahr.</p>
<p>Sabine Hartmann</p>

<p>Das KulturForum Sibbesse e.V. wurde Ende 1999 mit dem Ziel gegründet, kulturelle Veranstaltungen direkt in allen Ortschaften der Samtgemeinde Sibbesse anzubieten. Die Eintragung ins Vereinsregister erfolgte im Februar 2000. Seither bietet das KulturForum regelmäßig Kleinkunstveranstaltungen an, Theaterabende, Lesungen, Konzerte, Comedy-Auftritte oder Themenabende wechseln sich dabei ab. Damit alle Menschen an diesen Kulturveranstaltungen teilnehmen können, bieten &hellip; </p>
<p class="link-more"><a href="http://kulturforum-sibbesse.de/?page_id=2" class="more-link"><span class="screen-reader-text">„Über uns“ </span>weiterlesen</a></p>
