{"id":46,"date":"2020-01-12T16:13:41","date_gmt":"2020-01-12T15:13:41","guid":{"rendered":"http:\/\/kulturforum-sibbesse.de\/?page_id=46"},"modified":"2025-09-28T14:10:16","modified_gmt":"2025-09-28T13:10:16","slug":"lesetreff","status":"publish","type":"page","link":"http:\/\/kulturforum-sibbesse.de\/?page_id=46","title":{"rendered":"Lesetreff"},"content":{"rendered":"\n<p><strong>Lesekreis Sibbesse<\/strong><\/p>\n\n\n\n<figure class=\"wp-block-image size-large\"><img loading=\"lazy\" decoding=\"async\" width=\"1024\" height=\"733\" src=\"https:\/\/kulturforum-sibbesse.de\/wp-content\/uploads\/2025\/09\/Lesekreis-2025-02-1024x733.png\" alt=\"\" class=\"wp-image-218\" srcset=\"http:\/\/kulturforum-sibbesse.de\/wp-content\/uploads\/2025\/09\/Lesekreis-2025-02-1024x733.png 1024w, http:\/\/kulturforum-sibbesse.de\/wp-content\/uploads\/2025\/09\/Lesekreis-2025-02-300x215.png 300w, http:\/\/kulturforum-sibbesse.de\/wp-content\/uploads\/2025\/09\/Lesekreis-2025-02-768x550.png 768w, http:\/\/kulturforum-sibbesse.de\/wp-content\/uploads\/2025\/09\/Lesekreis-2025-02-1536x1100.png 1536w, http:\/\/kulturforum-sibbesse.de\/wp-content\/uploads\/2025\/09\/Lesekreis-2025-02-2048x1466.png 2048w\" sizes=\"auto, (max-width: 767px) 89vw, (max-width: 1000px) 54vw, (max-width: 1071px) 543px, 580px\" \/><\/figure>\n\n\n\n<figure class=\"wp-block-image size-large\"><img loading=\"lazy\" decoding=\"async\" width=\"1024\" height=\"733\" src=\"https:\/\/kulturforum-sibbesse.de\/wp-content\/uploads\/2025\/09\/Lesekreis-2025-02-1024x733.jpg\" alt=\"\" class=\"wp-image-214\" srcset=\"http:\/\/kulturforum-sibbesse.de\/wp-content\/uploads\/2025\/09\/Lesekreis-2025-02-1024x733.jpg 1024w, http:\/\/kulturforum-sibbesse.de\/wp-content\/uploads\/2025\/09\/Lesekreis-2025-02-300x215.jpg 300w, http:\/\/kulturforum-sibbesse.de\/wp-content\/uploads\/2025\/09\/Lesekreis-2025-02-768x550.jpg 768w, http:\/\/kulturforum-sibbesse.de\/wp-content\/uploads\/2025\/09\/Lesekreis-2025-02-1536x1100.jpg 1536w, http:\/\/kulturforum-sibbesse.de\/wp-content\/uploads\/2025\/09\/Lesekreis-2025-02-2048x1466.jpg 2048w\" sizes=\"auto, (max-width: 767px) 89vw, (max-width: 1000px) 54vw, (max-width: 1071px) 543px, 580px\" \/><\/figure>\n\n\n\n<p>24.9.24&nbsp;&nbsp;&nbsp;&nbsp; Tashikazu Kawaguchi: Das magische Caf\u00e9 + Caroline Wahl, Windst\u00e4rke 17<\/p>\n\n\n\n<p>29.10.24&nbsp;&nbsp; Edita Morris: Die Blumen von Hiroshima<\/p>\n\n\n\n<p>26.11.24&nbsp;&nbsp; Andreas S\u00each\u00e9: Zwitschernde Fische<\/p>\n\n\n\n<p>17.12.24&nbsp;&nbsp; Stephan Thome: Pflaumenregen<\/p>\n\n\n\n<p>Weitere Termine und B\u00fccher, \u00fcber die wir sprechen wollen, vereinbaren wir gemeinsam.<\/p>\n\n\n\n<p>Treffpunkt: 19:00 Uhr, An der H\u00f6he 15, 31079 Sibbesse<\/p>\n\n\n\n<p><strong>Neue Termine in 202<\/strong>4<\/p>\n\n\n\n<figure class=\"wp-block-image size-large\"><img loading=\"lazy\" decoding=\"async\" width=\"1024\" height=\"733\" src=\"http:\/\/kulturforum-sibbesse.de\/wp-content\/uploads\/2024\/01\/Lesekreis-2024-01-1-1024x733.jpg\" alt=\"\" class=\"wp-image-147\" srcset=\"http:\/\/kulturforum-sibbesse.de\/wp-content\/uploads\/2024\/01\/Lesekreis-2024-01-1-1024x733.jpg 1024w, http:\/\/kulturforum-sibbesse.de\/wp-content\/uploads\/2024\/01\/Lesekreis-2024-01-1-300x215.jpg 300w, http:\/\/kulturforum-sibbesse.de\/wp-content\/uploads\/2024\/01\/Lesekreis-2024-01-1-768x550.jpg 768w, http:\/\/kulturforum-sibbesse.de\/wp-content\/uploads\/2024\/01\/Lesekreis-2024-01-1-1536x1100.jpg 1536w, http:\/\/kulturforum-sibbesse.de\/wp-content\/uploads\/2024\/01\/Lesekreis-2024-01-1-2048x1467.jpg 2048w\" sizes=\"auto, (max-width: 767px) 89vw, (max-width: 1000px) 54vw, (max-width: 1071px) 543px, 580px\" \/><\/figure>\n\n\n\n<figure class=\"wp-block-image size-large\"><img loading=\"lazy\" decoding=\"async\" width=\"1024\" height=\"733\" src=\"http:\/\/kulturforum-sibbesse.de\/wp-content\/uploads\/2023\/04\/Lesekreis-2023-01-1024x733.jpg\" alt=\"\" class=\"wp-image-117\" srcset=\"http:\/\/kulturforum-sibbesse.de\/wp-content\/uploads\/2023\/04\/Lesekreis-2023-01-1024x733.jpg 1024w, http:\/\/kulturforum-sibbesse.de\/wp-content\/uploads\/2023\/04\/Lesekreis-2023-01-300x215.jpg 300w, http:\/\/kulturforum-sibbesse.de\/wp-content\/uploads\/2023\/04\/Lesekreis-2023-01-768x550.jpg 768w, http:\/\/kulturforum-sibbesse.de\/wp-content\/uploads\/2023\/04\/Lesekreis-2023-01-1536x1100.jpg 1536w, http:\/\/kulturforum-sibbesse.de\/wp-content\/uploads\/2023\/04\/Lesekreis-2023-01-2048x1467.jpg 2048w\" sizes=\"auto, (max-width: 767px) 89vw, (max-width: 1000px) 54vw, (max-width: 1071px) 543px, 580px\" \/><\/figure>\n\n\n\n<figure class=\"wp-block-image\"><img loading=\"lazy\" decoding=\"async\" width=\"1024\" height=\"733\" src=\"http:\/\/kulturforum-sibbesse.de\/wp-content\/uploads\/2020\/01\/Lesekreis-2020-01-1024x733.png\" alt=\"\" class=\"wp-image-54\" srcset=\"http:\/\/kulturforum-sibbesse.de\/wp-content\/uploads\/2020\/01\/Lesekreis-2020-01-1024x733.png 1024w, http:\/\/kulturforum-sibbesse.de\/wp-content\/uploads\/2020\/01\/Lesekreis-2020-01-300x215.png 300w, http:\/\/kulturforum-sibbesse.de\/wp-content\/uploads\/2020\/01\/Lesekreis-2020-01-768x550.png 768w\" sizes=\"auto, (max-width: 767px) 89vw, (max-width: 1000px) 54vw, (max-width: 1071px) 543px, 580px\" \/><\/figure>\n","protected":false},"excerpt":{"rendered":"<p>Lesekreis Sibbesse 24.9.24&nbsp;&nbsp;&nbsp;&nbsp; Tashikazu Kawaguchi: Das magische Caf\u00e9 + Caroline Wahl, Windst\u00e4rke 17 29.10.24&nbsp;&nbsp; Edita Morris: Die Blumen von Hiroshima 26.11.24&nbsp;&nbsp; Andreas S\u00each\u00e9: Zwitschernde Fische 17.12.24&nbsp;&nbsp; Stephan Thome: Pflaumenregen Weitere Termine und B\u00fccher, \u00fcber die wir sprechen wollen, vereinbaren wir gemeinsam. Treffpunkt: 19:00 Uhr, An der H\u00f6he 15, 31079 Sibbesse Neue Termine in 2024<\/p>\n","protected":false},"author":2,"featured_media":0,"parent":0,"menu_order":0,"comment_status":"closed","ping_status":"closed","template":"","meta":{"footnotes":""},"class_list":["post-46","page","type-page","status-publish","hentry"],"_links":{"self":[{"href":"http:\/\/kulturforum-sibbesse.de\/index.php?rest_route=\/wp\/v2\/pages\/46","targetHints":{"allow":["GET"]}}],"collection":[{"href":"http:\/\/kulturforum-sibbesse.de\/index.php?rest_route=\/wp\/v2\/pages"}],"about":[{"href":"http:\/\/kulturforum-sibbesse.de\/index.php?rest_route=\/wp\/v2\/types\/page"}],"author":[{"embeddable":true,"href":"http:\/\/kulturforum-sibbesse.de\/index.php?rest_route=\/wp\/v2\/users\/2"}],"replies":[{"embeddable":true,"href":"http:\/\/kulturforum-sibbesse.de\/index.php?rest_route=%2Fwp%2Fv2%2Fcomments&post=46"}],"version-history":[{"count":7,"href":"http:\/\/kulturforum-sibbesse.de\/index.php?rest_route=\/wp\/v2\/pages\/46\/revisions"}],"predecessor-version":[{"id":219,"href":"http:\/\/kulturforum-sibbesse.de\/index.php?rest_route=\/wp\/v2\/pages\/46\/revisions\/219"}],"wp:attachment":[{"href":"http:\/\/kulturforum-sibbesse.de\/index.php?rest_route=%2Fwp%2Fv2%2Fmedia&parent=46"}],"curies":[{"name":"wp","href":"https:\/\/api.w.org\/{rel}","templated":true}]}}